*2 - o. Let b(r) = 4*r + 10. Let d(y) = 7*b(y) - 3*t(y). List the prime factors of d(-8).
2
Let s = 4 - 2. Suppose 5*q + 3*l - 45 = 0, s*q + 5*l - 43 = -q. What are the prime factors of q?
2, 3
Let s = 9 - 5. Suppose -o + s*o = 0. Suppose -15 = -r - o*r. List the prime factors of r.
3, 5
Let h = 24 - 8. Let t = h - -30. What are the prime factors of t?
2, 23
What are the prime factors of -1*(-37 + (-3 - -3))?
37
Let l = -14 + 98. Suppose -k - l = -3*k. What are the prime factors of k?
2, 3, 7
Let x(d) = d**3 + d - 9. List the prime factors of x(3).
3, 7
List the prime factors of (-3 + (-56)/(-12))/((-2)/(-12)).
2, 5
Suppose 2*i - j - 6 = 0, 3*i - 2 = -2*j - 0*j. Suppose -16 = -i*n + 12. List the prime factors of n.
2, 7
Let a be (-4 - -3)*(-1 + 1). Suppose a*w - 3*w - 12 = 0. What are the prime factors of (-180)/(-13) - w/26?
2, 7
Let g be -3*(-1)/3 - 1. Suppose g*u - 12 = 2*u. List the prime factors of (u + 9)/((-6)/(-10)).
5
Let o(j) = j**2 - 19*j - 33. List the prime factors of o(24).
3, 29
Let a(o) = 14*o**2. Let x(q) = q**3 + 5*q - 1. Let n(c) = -c**3 + c**2 - 6*c + 1. Let y(b) = -3*n(b) - 4*x(b). Let v be y(-2). List the prime factors of a(v).
2, 7
Let d(s) = -s - 1. Let m be d(-6). Suppose 34 + 6 = m*r. What are the prime factors of r?
2
What are the prime factors of 70 - (-4 + (-3 - -5))?
2, 3
Suppose -178 = -5*q - 3. Let r = -24 + q. List the prime factors of r.
11
Let j = -28 + 93. What are the prime factors of j?
5, 13
Suppose -11*l = -1785 + 619. List the prime factors of l.
2, 53
Let r(f) = -f**2 + 6*f - 3. What are the prime factors of r(3)?
2, 3
Let g(p) = 4*p - 4. Let i be g(3). Let q = -19 + i. Let o = q - -17. List the prime factors of o.
2, 3
Suppose 0*z + 110 = 5*z. What are the prime factors of z?
2, 11
Suppose 3*m - 30 - 60 = 0. Suppose -3*f + 3*n + m = 0, 0 = -5*f - n - 0*n + 56. List the prime factors of f.
11
Let r(p) = -4*p. Suppose l + 2 = 1. Let w be r(l). Suppose -w*j + 21 = -j. What are the prime factors of j?
7
What are the prime factors of (-14 - -7)*(2 + -3)?
7
Let v = -11 + 23. Let k be 2/(-3) - (-404)/v. Suppose 2*g - 30 = 2*l, -3*g = -g + l - k. What are the prime factors of g?
2
Suppose 2*s - 6*s + 68 = j, 0 = -4*j - s + 317. Suppose o = -o + j. Suppose 0 = -m - 4*m + o. What are the prime factors of m?
2
Suppose 1 = 3*f - 14. Suppose -4*u = 3*x + 4, -3*x - f*u = -2*u. List the prime factors of x.
2
Let d be 10/45 - (-70)/9. What are the prime factors of (-4)/(-6) - d/(-6)?
2
Suppose 9 = 6*t - 3*t. Let z = t + -2. List the prime factors of (z - 2)*4/(-1).
2
Let q be 35/(-10)*(-24)/14. Suppose 0*c = -2*w - 2*c + q, 12 = 2*w - 4*c. What are the prime factors of w?
2
Let f = 290 - 171. List the prime factors of f/(-7)*(0 + -1).
17
Let g = -41 + 76. What are the prime factors of g?
5, 7
Suppose 137 = 4*r - 2*f + f, 4*f - 117 = -3*r. Suppose -y - 5*s + 8 = 0, -r = -3*y - 8*s + 4*s. What are the prime factors of y?
13
Let y(d) be the third derivative of d**5/60 + 5*d**4/24 - d**3/2 - d**2. Let x be (2/(-3))/((-6)/(-63)). What are the prime factors of y(x)?
11
Let t be 3 + -3 - 6*-24. Let g = 224 - t. List the prime factors of (-4)/(-6) - g/(-6).
2, 7
Suppose -3*j = -0*j - 2*b + 8, 2*b - 8 = -3*j. Let o be 1*(56/4 - 3). Suppose 0 = n - 4*p + o, j = -3*n + 8*n + p - 50. What are the prime factors of n?
3
Suppose -2*b + 532 = 2*g, 0 = 3*b - 2*g - 2*g - 784. List the prime factors of b.
2, 3, 11
Let c(i) = i**3 + 4*i**2 + 3*i. Let r be c(-3). Let n = -10 - r. What are the prime factors of (-54)/n - 4/10?
5
Suppose 0 = 3*v - 2*q + 17, 5 = -2*v - q - 4. Let m(i) = i**2 + i - 6. List the prime factors of m(v).
2, 7
Let p(w) = 2*w**2 + 7*w. Let i be p(-6). Suppose -2*c + 5*c - 90 = -4*o, 2*o = -c + i. Suppose 0*l + 5*l - c = 3*q, -15 = 3*q. What are the prime factors of l?
3
Suppose -2*s + 23 + 60 = 3*v, -2*v + 2*s = -52. What are the prime factors of v?
3
Suppose n + 105 = 5*t + 5*n, -2*n = 0. List the prime factors of t.
3, 7
Let u be ((-2)/(-4))/((-2)/(-20)). Suppose -3*o - 37 = -u*j, -5*o + 0*o - 35 = -3*j. Let q = j + -1. List the prime factors of q.
2
Let q(a) = -a**2 + a + 12. Let w be q(0). Suppose 8 = 2*t - w. What are the prime factors of t?
2, 5
Let s = 126 + -12. What are the prime factors of s?
2, 3, 19
Suppose 5*r = -0*r - 25, -5*r - 1 = 2*w. Suppose 0 = 2*j + j - w. Suppose j*n + 10 = 86. List the prime factors of n.
19
Let y(j) = j - 1. Let s be y(7). Let v(b) = b**2 - 4*b. List the prime factors of v(s).
2, 3
Suppose -2*d + 0*d = -2. Suppose 4*y - d = 5*y. List the prime factors of 1/(y - (-24)/21).
7
Let a(o) = 2*o. Let k be a(6). Let i = k - 6. What are the prime factors of i?
2, 3
Let r be (-168 - 4)*(-1)/2. Suppose -4*l = 2 - r. List the prime factors of l.
3, 7
Let q = 29 + 27. Suppose 5*c - q - 59 = 0. What are the prime factors of c?
23
Let t(c) be the third derivative of c**7/1680 - 13*c**6/720 - c**5/20 + 2*c**2. Let i(f) be the third derivative of t(f). What are the prime factors of i(9)?
2, 7
Suppose 0 = -2*c + 356 + 242. What are the prime factors of c?
13, 23
Suppose 0 = 4*b - 8 - 24. What are the prime factors of b + (1 - -2 - 0)?
11
Let p(r) = r**2 + 5*r + 5. Suppose 0 = -3*l + 9, -4 = -j - 6*l + 3*l. Let y be p(j). Suppose 2*a = -2*m + 32, y*m - 76 = -2*a + a. List the prime factors of m.
3, 5
Suppose 6*z - 26 = 4*z. Let s = z + -7. List the prime factors of s.
2, 3
Let k = 7 + -4. Let i(g) = -2*g - 4*g**2 + 3 - 1 - 2*g + g**k. List the prime factors of i(5).
7
Suppose 10*c + 9250 = 35*c. List the prime factors of c.
2, 5, 37
Suppose 105 = 2*d - 5*k, 5*d + 3*k + 79 = 357. Suppose -2*q = 3*q - d. List the prime factors of q.
11
List the prime factors of 87 + 6/(-1 + -2).
5, 17
Let q be ((-4)/2)/(2/4). Let r(f) = 0*f - 6*f + 3*f + 2*f. List the prime factors of r(q).
2
Let k(j) = j + 7. Suppose 3*d - 4*m + 34 = 0, 2*d + m = 3*m - 20. Let c be k(d). List the prime factors of (12/(-14))/(c/(-21)).
2, 3
Let j = 6 + -2. Suppose -j*a + 35 = 3*i + 2*i, 4*a = 0. Suppose 0 = 5*f + 4*r - i, -f + r = -7 + 2. List the prime factors of f.
3
Let z be 131/4 + (-6)/8. Suppose -b + z - 3 = 0. What are the prime factors of b?
29
Let i = -127 + 368. List the prime factors of i.
241
Let n = -11 - -29. What are the prime factors of n?
2, 3
Let l(o) = 11*o + 12. Let g be l(6). Suppose 0 = 3*x - 90 - g. List the prime factors of x.
2, 7
Let w(x) be the first derivative of 7*x**2/2 - 4*x - 2. List the prime factors of w(4).
2, 3
Let i be 56/12*3/2. Suppose i = 4*u - 1. Suppose -5*t + y + 45 = 0, 2*y = u*t - 9 - 1. List the prime factors of t.
2, 5
Let z = 5 - 5. Suppose -4*b - b = z. What are the prime factors of 4 - b*(1 + 0)?
2
Suppose -9*s + 1160 = -5*s. List the prime factors of s.
2, 5, 29
Let s(v) be the third derivative of -v**5/60 + v**4/3 - 2*v**3/3 + v**2. Let b be s(7). Suppose q - 4*d = 22, b*q + d - 4*d = 39. List the prime factors of q.
2, 5
Let d be (-7)/(-21) + (-1)/3. Let q be -21*(18/(-21) - d). Let n = 37 - q. List the prime factors of n.
19
Let c be (-7 - -11)*25/4. Suppose 4*r - b - c = 99, r + 2*b = 40. List the prime factors of r.
2
Suppose 0*p - 195 = -5*p. What are the prime factors of p?
3, 13
Let w = 2 + -9. Let n be (-163)/w + (-6)/21. Let v = n + 0. What are the prime factors of v?
23
Let o(g) = -7*g + 3. Let n(f) = -20*f + 8. Let w(j) = 6*n(j) - 17*o(j). What are the prime factors of w(-5)?
2
Let t = -121 + 217. What are the prime factors of t?
2, 3
Let g = 19 + 8. Suppose u + 4*u + 4*h = g, 2*h - 3 = u. List the prime factors of u.
3
What are the prime factors of 8/(-52) - (-3)/((-78)/(-1174))?
3, 5
Let v(y) = 2*y**2 + 3*y + 3. Let z be v(-2). Suppose 3 + 2 = -5*k, 4*j = z*k + 73. What are the prime factors of j?
17
List the prime factors of (-2)/12 - (-38)/12.
3
What are the prime factors of -6 - (-5 - -3) - (-61 + -1)?
2, 29
Let j(y) = 2*y - 2. Let w(c) = -c - 5. Let m be w(-7). Suppose -m*z - 7 = -21. What are the prime factors of j(z)?
2, 3
Let w be 6/9*6/(-2). List the prime factors of ((-27)/(-45))/(w/(-10)).
3
Let m(w) = 2*w**2 + w - 2. Let t be m(-2). Let y = t - 4. Suppose 5*z + 55 = 5*n - y*n, -7 = -n - z. List the prime factors of n.
3
Let k(f) = 8*f + 6. Suppose -5*g = -2*z + 20, -4*g - g - z - 35 = 0. Let j be k(g). Let q = -30 - j. What are the prime factors of q?